) = -k**3 - 13*k**2 - 5*k + 19. Calculate a(-12).
-65
Let m(h) = h**2 + 94*h + 1805. Determine m(-67).
-4
Let v(y) = 634*y + 635. Determine v(-1).
1
Let q(p) = -8085*p - 24252. Calculate q(-3).
3
Let q(k) = -k**3 + 82*k**2 - 66*k - 236. Calculate q(81).
979
Let g(k) = -k**3 - 18*k**2 - 161*k - 1475. Determine g(-14).
-5
Let f(b) = -4*b**3 + 53*b**2 - 63*b + 649. Give f(13).
-1
Let k(q) = -q**2 + 14*q + 350. What is k(-13)?
-1
Let z(f) = -1083*f - 25983. Calculate z(-24).
9
Let y(j) = -66*j**3 + 1060*j**2 - 70*j + 69. Calculate y(16).
-27
Let o(s) = -16340*s - 49012. What is o(-3)?
8
Let j(k) = -k**3 + 20*k**2 - 36*k - 60. What is j(18)?
-60
Let b(s) = -112*s - 2435. Calculate b(-21).
-83
Let r(b) = 4*b**2 - b - 63. What is r(-4)?
5
Let m(o) = 7*o + 220. Calculate m(-33).
-11
Let j(o) = -10*o**2 + 140. What is j(0)?
140
Let p(u) = u**3 - 7*u**2 - 2*u + 18. Calculate p(7).
4
Let v(b) = 48*b + 1642. Give v(-33).
58
Let n(o) = o**2 - 415*o + 1640. What is n(4)?
-4
Let s(x) = 9*x**2 + 4*x + 5. What is s(-1)?
10
Let b(r) = -246*r - 281. Calculate b(-1).
-35
Let k(j) = 174*j - 2979. Determine k(17).
-21
Let w(b) = b**3 - 20*b**2 + 8*b - 49. What is w(8)?
-753
Let u(r) = -r**2 + 254*r - 10550. Calculate u(52).
-46
Let v(u) = -29*u - 460. Determine v(-16).
4
Let i(a) = -140*a - 17636. Give i(-126).
4
Let b(h) = -4*h - 10. What is b(-3)?
2
Let x(o) = o**3 + 12*o**2 - 9*o - 19. Calculate x(-13).
-71
Let j(c) = 7068*c + 21149. Give j(-3).
-55
Let o(s) = 186*s + 21956. Give o(-118).
8
Let q(k) = -k**2 + 12*k + 42. Determine q(21).
-147
Let t(m) = m**3 - 9*m**2 - 53*m + 17. Determine t(13).
4
Let l(w) = w**2 - 63*w + 713. Determine l(48).
-7
Let s(c) = -2*c**2 + 6*c - 43. Determine s(4).
-51
Let g(f) = f**2 - 14*f - 125. Give g(-7).
22
Let q(n) = 9*n + 65. Give q(-5).
20
Let m(k) = -k**3 - 5*k**2 + 64*k + 6. Give m(0).
6
Let w(s) = -s**2 - 22*s - 12. Calculate w(-4).
60
Let a(z) = -z**2 - 252*z - 1239. Calculate a(-5).
-4
Let v(y) = -y**3 + 3*y**2 + 63*y + 94. Give v(-6).
40
Let f(a) = 2*a**2 - 89*a - 170. Determine f(46).
-32
Let k(m) = -m**2 + 76*m - 167. Give k(77).
-244
Let a(o) = 7*o**2 - 141*o - 251. Give a(22).
35
Let p(g) = -g**2 + 88*g + 902. Give p(97).
29
Let j(z) = 28*z - 14. Determine j(-8).
-238
Let m(a) = 94*a - 2455. Calculate m(26).
-11
Let l(p) = -p**3 + p**2 + 45*p + 25. Give l(0).
25
Let n(u) = u**3 + 15*u**2 - 326*u + 27. What is n(12)?
3
Let n(c) = -c**3 + 51*c**2 + c - 82. Give n(51).
-31
Let s(d) = 3*d**3 + 32*d**2 + 18*d - 22. What is s(-10)?
-2
Let t(k) = -3*k - 33. What is t(-22)?
33
Let t(y) = 181*y + 9047. What is t(-50)?
-3
Let z(m) = 2*m**3 + 151*m**2 + 73*m - 144. Calculate z(-75).
6
Let g(y) = -y**3 - y**2 + y + 2. Determine g(0).
2
Let c(b) = 10*b**2 + 5*b + 1. Determine c(1).
16
Let r(t) = 2646*t + 21153. Give r(-8).
-15
Let r(g) = -138*g + 2197. What is r(16)?
-11
Let y(a) = -a**3 + 61*a**2 - 51. Determine y(61).
-51
Let j(n) = -11*n - 2. What is j(6)?
-68
Let j(k) = -k**2 + 121*k - 576. Calculate j(5).
4
Let i(s) = 46*s - 252. Give i(4).
-68
Let a(n) = n**3 + n**2 - 28*n - 94. Determine a(6).
-10
Let l(w) = w**3 + 14*w**2 + 37*w - 22. Give l(-9).
50
Let b(v) = -27*v**2 - 8*v + 2. Give b(1).
-33
Let l(p) = 4*p**2 + 70*p - 239. Give l(3).
7
Let s(o) = o**3 - 30*o**2 + 138*o - 5228. Calculate s(31).
11
Let n(w) = -w**2 + 372*w - 1105. Calculate n(3).
2
Let l(c) = 19*c + 482. Give l(-25).
7
Let l(g) = -1414*g + 107451. What is l(76)?
-13
Let u(g) = 3463*g - 27703. Determine u(8).
1
Let k(f) = 9*f + 195. Determine k(-40).
-165
Let m(z) = 6*z + 161. Calculate m(-49).
-133
Let b(j) = 11*j**2 - 337*j + 1633. Give b(6).
7
Let v(r) = 2*r**2 + 10*r - 13. Determine v(4).
59
Let u(h) = -2*h**2 - 3*h - 172. What is u(-13)?
-471
Let y(w) = -w - 14. Determine y(-51).
37
Let m(r) = r**2 - 24*r + 96. Determine m(9).
-39
Let b(p) = p**3 - 9*p**2 + 14*p + 10. Calculate b(7).
10
Let f(p) = -p**3 - 12*p**2 - 111*p - 536. Determine f(-7).
-4
Let b(v) = 1944*v + 42776. Calculate b(-22).
8
Let w(a) = a**3 - 26*a**2 + 141*a - 1161. Give w(22).
5
Let d(y) = -126*y**3 - 2394*y**2 - y - 18. What is d(-19)?
1
Let x(d) = -d**3 - 73*d**2 - 212*d - 108. What is x(-70)?
32
Let l(m) = -m**3 + 2*m**2 + 17*m - 24. What is l(3)?
18
Let l(p) = -p**3 + 5*p**2 + 21*p - 19. Give l(9).
-154
Let m(h) = h**3 - 65*h**2 - 1107*h + 74. What is m(79)?
-5
Let w(m) = -4*m**3 + 25*m**2 + 14*m - 3. What is w(7)?
-52
Let x(y) = 3*y**3 - 68*y**2 + 62*y - 187. Determine x(22).
209
Let i(y) = -3*y**2 - 109*y - 131. Calculate i(-36).
-95
Let o(v) = -v**3 + 4*v**2 - 135*v + 546. Determine o(4).
6
Let c(b) = -22*b - 136. Determine c(-5).
-26
Let a(u) = u**2 + 25*u - 3. Give a(-11).
-157
Let w(b) = -b**3 + 41*b**2 + 283*b - 38. Determine w(47).
9
Let a(h) = 654*h - 6670. Calculate a(10).
-130
Let w(r) = -77*r + 9163. Calculate w(119).
0
Let s(n) = 755*n + 4531. What is s(-6)?
1
Let z(x) = -x**3 + 87*x**2 + 5420*x + 92. Determine z(-42).
8
Let r(m) = -m**3 + 275*m**2 - 499*m - 12831. Determine r(273).
0
Let r(u) = -40*u - 462. Determine r(-17).
218
Let q(g) = -g**3 + 4*g**2 + 27*g - 80. Calculate q(7).
-38
Let m(c) = -c**3 + 47*c**2 - 151*c + 2728. Determine m(45).
-17
Let q(r) = 2*r**2 - 44*r - 50. Determine q(22).
-50
Let r(s) = 122*s + 1610. Give r(-13).
24
Let f(r) = 21*r + 95. Calculate f(-5).
-10
Let a(k) = 3*k**2 - 87*k + 9. What is a(26)?
-225
Let a(i) = -11*i**2 + 69*i - 9. Give a(6).
9
Let q(v) = v**3 + 6*v**2 - 9*v + 24. What is q(-7)?
38
Let i(k) = 15*k - 216. Calculate i(20).
84
Let k(d) = -4*d**3 + d**2 + 105*d. Give k(-5).
0
Let y(w) = -2*w**2 + 79*w - 602. Calculate y(29).
7
Let x(r) = -r**3 + 27*r - 56. What is x(-8)?
240
Let j(f) = -114*f - 3672. Determine j(-31).
-138
Let x(o) = 585*o**2 + 25156*o + 36. Determine x(-43).
-7
Let u(z) = -113*z + 10866. Give u(96).
18
Let n(m) = 33*m - 129. Give n(9).
168
Let d(k) = k**3 - 4*k**2 - 177*k + 848. Determine d(5).
-12
Let k(t) = -69*t**3 - t**2 + 1. Calculate k(-1).
69
Let b(z) = -12*z - 500. What is b(-39)?
-32
Let a(r) = -r**3 - 45*r**2 - 502*r + 73. Determine a(-22).
-15
Let j(c) = -2*c**3 + 2*c**2 + 69*c + 11. Determine j(-6).
101
Let t(c) = -2*c**2 - 38*c - 98. Calculate t(-16).
-2
Let y(w) = -19*w + 989. Determine y(49).
58
Let l(d) = d**2 + 100*d - 4762. Give l(35).
-37
Let g(p) = p**3 - 14*p**2 - 141*p - 47. What is g(-6)?
79
Let i(m) = 1454*m - 36336. Determine i(25).
14
Let p(y) = -21*y**3 + 275*y**2 - 28*y + 54. What is p(13)?
28
Let g(n) = 8*n**3 - 3*n**2 - 8*n - 13. Calculate g(4).
419
Let s(i) = i**2 - 16*i + 34. Determine s(8).
-30
Let u(r) = -3*r**3 + r**2 + 10*r - 4. What is u(0)?
-4
Let v(d) = -d**3 + 91*d**2 - 2058*d + 14. Determine v(42).
14
Let i(c) = -4*c**3 - 3*c**2 - 7*c - 21. Calculate i(-3).
81
Let y(f) = -f**2 - 18*f - 2. What is y(-3)?
43
Let v(z) = -312*z + 629. Give v(2).
5
Let v(b) = -7*b. Give v(17).
-119
Let v(h) = 3*h**3 - 23*h**2 + 21*h - 87. Give v(9).
426
Let y(m) = -104*m - 116. Give y(-13).
1236
Let c(l) = -l**3 + 25*l**2 - 73*l - 781. Calculate c(19).
-2
Let d(m) = 32*m**3 + 6*m**2 - 8*m + 11. Determine d(2).
275
Let l(q) = -4*q + 140. Determine l(36).
-4
Let t(p) = 4*p**2 + 26*p - 112. What is t(-10)?
28
Let z(j) = 22*j**3 - 2*j**2 - 4*j. What is z(-1)?
-20
Let k(d) = -36*d - 1699. Give k(-47).
-7
Let m(x) = x**3 + 8*x**2 - 77*x - 471. Determine m(-5).
-11
Let l(h) = 2*h**2 + 26*h + 3. Calculate l(-9).
-69
Let i(c) = c**3 - 47*c**2 + 50*c - 175. Determine i(46).
9
Let h(o) = -10*o**2 - 189*o - 900. What is h(-10)?
-10
Let z(a) = 2*a**2 + 31*a - 204. What is z(5)?
1
Let o(y) = -y**2 + 5*y + 229. Determine o(-13).
-5
Let r(v) = 1208*v + 64021. Calculate r(-53).
-3
Let f(m) = m**2 + 352*m - 1784. Determine f(5).
1
Let v(g) = g**2 + 6*g - 79. Determine v(7).
12
Let p(t) = t**3 - 5*t**2 - 30*t - 37. What is p(8)?
-85
Let f(s) = -s**3 - 159*s**2 - 642*s - 3395. Calculate f(-155).
15
Let f(b) = -22*b**2 + 639*b - 654. Calculate f(28).
-10
Let x(q) = 6*q**2 + 135*q + 53. What is x(-24)?
269
Let w(x) = x**3 - 37*x**2 - 375*x - 143. Calculate w(-8).
-23
Let l(c) = 128*c + 721. Calculate l(-5).
81
Let r(p) = -p**3 + 15*p**2 - 31*p + 73. Give r(13).
8
Let i(z) = -z**3 + 13*z**2 - 46*z + 24. Give i(6).
0
Let b(h) = 101*h + 3320. Determine b(-33).
-13
Let x(h) = -353*h**2 - 29*h - 25. Cal